{"id":18,"date":"2025-09-21T20:35:43","date_gmt":"2025-09-21T20:35:43","guid":{"rendered":"https:\/\/bpd.hr\/?page_id=18"},"modified":"2025-10-13T08:06:57","modified_gmt":"2025-10-13T08:06:57","slug":"about","status":"publish","type":"page","link":"https:\/\/bpd.hr\/index.php\/about\/","title":{"rendered":"O nama"},"content":{"rendered":"<p>[et_pb_section fb_built=&#8221;1&#8243; admin_label=&#8221;Header&#8221; _builder_version=&#8221;4.27.4&#8243; _module_preset=&#8221;d68e8e86-9519-4be1-b192-3d7e78a4f59c&#8221; background_color_gradient_direction=&#8221;45deg&#8221; background_color_gradient_stops=&#8221;rgba(255,255,255,0) 50%|gcid-primary-color 100%&#8221; collapsed=&#8221;on&#8221; global_colors_info=&#8221;{%22gcid-d65ef8c3-2676-44d1-9d8b-e6c3e3d783d9%22:%91%22background_color%22%93}&#8221;][et_pb_row column_structure=&#8221;2_3,1_3&#8243; _builder_version=&#8221;4.27.4&#8243; _module_preset=&#8221;default&#8221; global_colors_info=&#8221;{}&#8221;][et_pb_column type=&#8221;2_3&#8243; _builder_version=&#8221;4.27.4&#8243; _module_preset=&#8221;default&#8221; global_colors_info=&#8221;{}&#8221;][et_pb_heading title=&#8221;Tko smo mi?&#8221; _builder_version=&#8221;4.27.4&#8243; _module_preset=&#8221;5c84a534-b27f-4309-8fe2-678178d22489&#8243; title_text_color=&#8221;#FFFFFF&#8221; global_colors_info=&#8221;{}&#8221;][\/et_pb_heading][et_pb_text _builder_version=&#8221;4.27.4&#8243; _module_preset=&#8221;3b9804fe-f121-4ac1-9c7f-239b999f317e&#8221; global_colors_info=&#8221;{}&#8221;]<\/p>\n<p><strong>Dobrodo\u0161li u budu\u0107nost urbanog \u017eivota.<\/strong><br \/><strong>Na\u0161a C-ITS rje\u0161enja omogu\u0107uju inteligentno upravljanje prometom, ve\u0107u sigurnost na cestama i odr\u017eivi razvoj pametnih gradova.<\/strong><\/p>\n<p>[\/et_pb_text][et_pb_text _builder_version=&#8221;4.27.4&#8243; _module_preset=&#8221;3b9804fe-f121-4ac1-9c7f-239b999f317e&#8221; global_colors_info=&#8221;{}&#8221;]<\/p>\n<p style=\"text-align: justify;\"><strong><span lang=\"HR\">Na\u0161a kompanija okuplja tim iskusnih stru\u010dnjaka s bogatim znanjem i vi\u0161egodi\u0161njim iskustvom u IT sektoru. Posebno smo fokusirani na razvoj i implementaciju tehnolo\u0161ki naprednih rje\u0161enja u podru\u010dju inteligentnih transportnih sustava (ITS).<\/span><\/strong><\/p>\n<p>[\/et_pb_text][et_pb_text _builder_version=&#8221;4.27.4&#8243; _module_preset=&#8221;3b9804fe-f121-4ac1-9c7f-239b999f317e&#8221; global_colors_info=&#8221;{}&#8221;]<\/p>\n<p style=\"text-align: justify;\"><strong><span lang=\"HR\">Raspola\u017eemo sna\u017enim ljudskim resursima koji pokrivaju \u0161irok spektar stru\u010dnosti \u2013 od analize i projektiranja, do implementacije i odr\u017eavanja kompleksnih IT rje\u0161enja. Na\u0161 cilj je pru\u017eiti klijentima inovativne, pouzdane i skalabilne sustave koji unapre\u0111uju efikasnost, sigurnost i odr\u017eivost modernih prometnih i logisti\u010dkih okru\u017eenja.<\/span><\/strong><\/p>\n<p>[\/et_pb_text][et_pb_text _builder_version=&#8221;4.27.4&#8243; _module_preset=&#8221;3b9804fe-f121-4ac1-9c7f-239b999f317e&#8221; global_colors_info=&#8221;{}&#8221;]<\/p>\n<p style=\"text-align: justify;\"><strong><span lang=\"HR\">Kontinuiranim ulaganjem u znanje, tehnologiju i ljude, gradimo stabilne temelje za budu\u0107nost pametne mobilnosti.<\/span><\/strong><\/p>\n<p>[\/et_pb_text][et_pb_button button_text=&#8221;Prika\u017ei vi\u0161e&#8221; _builder_version=&#8221;4.27.4&#8243; _module_preset=&#8221;7de5bef4-0539-498c-b07c-9b7d4d8e74e8&#8243; global_colors_info=&#8221;{}&#8221;][\/et_pb_button][\/et_pb_column][et_pb_column type=&#8221;1_3&#8243; _builder_version=&#8221;4.27.4&#8243; _module_preset=&#8221;default&#8221; global_colors_info=&#8221;{}&#8221;][\/et_pb_column][\/et_pb_row][et_pb_row _builder_version=&#8221;4.27.4&#8243; _module_preset=&#8221;default&#8221; global_colors_info=&#8221;{}&#8221;][et_pb_column type=&#8221;4_4&#8243; _builder_version=&#8221;4.27.4&#8243; _module_preset=&#8221;default&#8221; global_colors_info=&#8221;{}&#8221;][et_pb_image src=&#8221;https:\/\/bpd.hr\/wp-content\/uploads\/2025\/09\/smartcity.png&#8221; alt=&#8221;dadadfadfa&#8221; title_text=&#8221;smartcity&#8221; _builder_version=&#8221;4.27.4&#8243; _module_preset=&#8221;default&#8221; animation_style=&#8221;zoom&#8221; border_radii=&#8221;on|20px|20px|20px|20px&#8221; global_colors_info=&#8221;{}&#8221;][\/et_pb_image][\/et_pb_column][\/et_pb_row][\/et_pb_section][et_pb_section fb_built=&#8221;1&#8243; admin_label=&#8221;Mission &#038; Vision&#8221; _builder_version=&#8221;4.27.4&#8243; _module_preset=&#8221;default&#8221; collapsed=&#8221;on&#8221; global_colors_info=&#8221;{}&#8221;][et_pb_row column_structure=&#8221;1_2,1_2&#8243; _builder_version=&#8221;4.27.4&#8243; _module_preset=&#8221;default&#8221; custom_padding=&#8221;|||2px||&#8221; global_colors_info=&#8221;{}&#8221;][et_pb_column type=&#8221;1_2&#8243; _builder_version=&#8221;4.27.4&#8243; _module_preset=&#8221;default&#8221; global_colors_info=&#8221;{}&#8221;][et_pb_heading title=&#8221;Za u\u010dinkovitiji prometni tok, manje nesre\u0107a i \u010di\u0161\u0107i okoli\u0161!&#8221; _builder_version=&#8221;4.27.4&#8243; _module_preset=&#8221;d7e2eca3-d23b-47b1-bc2c-14e915a3354f&#8221; title_text_color=&#8221;#FFFFFF&#8221; global_colors_info=&#8221;{}&#8221;][\/et_pb_heading][\/et_pb_column][et_pb_column type=&#8221;1_2&#8243; _builder_version=&#8221;4.27.4&#8243; _module_preset=&#8221;default&#8221; global_colors_info=&#8221;{}&#8221;][et_pb_text _builder_version=&#8221;4.27.4&#8243; _module_preset=&#8221;3b9804fe-f121-4ac1-9c7f-239b999f317e&#8221; global_colors_info=&#8221;{}&#8221;]<\/p>\n<p><span>Kroz integraciju naprednih komunikacijskih tehnologija, infrastrukture i vozila, stvaramo okru\u017eenje u kojem sudionici u prometu razmjenjuju informacije u stvarnom vremenu \u2013 za u\u010dinkovitiji prometni tok, manje nesre\u0107a i \u010di\u0161\u0107i okoli\u0161.<\/span><\/p>\n<p><span>Radimo u suradnji s gradovima, prometnim agencijama i industrijskim partnerima kako bismo ubrzali digitalnu transformaciju mobilnosti.<\/span><\/p>\n<p>[\/et_pb_text][\/et_pb_column][\/et_pb_row][\/et_pb_section][et_pb_section fb_built=&#8221;1&#8243; admin_label=&#8221;FAQ&#8221; _builder_version=&#8221;4.27.4&#8243; _module_preset=&#8221;default&#8221; collapsed=&#8221;on&#8221; global_colors_info=&#8221;{}&#8221;][\/et_pb_section]<\/p>\n","protected":false},"excerpt":{"rendered":"<p>Kroz integraciju naprednih komunikacijskih tehnologija, infrastrukture i vozila, stvaramo okru\u017eenje u kojem sudionici u prometu razmjenjuju informacije u stvarnom vremenu \u2013 za u\u010dinkovitiji prometni tok, manje nesre\u0107a i \u010di\u0161\u0107i okoli\u0161.<\/p>\n","protected":false},"author":1,"featured_media":0,"parent":0,"menu_order":0,"comment_status":"closed","ping_status":"closed","template":"","meta":{"_et_pb_use_builder":"on","_et_pb_old_content":"","_et_gb_content_width":"","footnotes":""},"class_list":["post-18","page","type-page","status-publish","hentry"],"_links":{"self":[{"href":"https:\/\/bpd.hr\/index.php\/wp-json\/wp\/v2\/pages\/18","targetHints":{"allow":["GET"]}}],"collection":[{"href":"https:\/\/bpd.hr\/index.php\/wp-json\/wp\/v2\/pages"}],"about":[{"href":"https:\/\/bpd.hr\/index.php\/wp-json\/wp\/v2\/types\/page"}],"author":[{"embeddable":true,"href":"https:\/\/bpd.hr\/index.php\/wp-json\/wp\/v2\/users\/1"}],"replies":[{"embeddable":true,"href":"https:\/\/bpd.hr\/index.php\/wp-json\/wp\/v2\/comments?post=18"}],"version-history":[{"count":17,"href":"https:\/\/bpd.hr\/index.php\/wp-json\/wp\/v2\/pages\/18\/revisions"}],"predecessor-version":[{"id":159,"href":"https:\/\/bpd.hr\/index.php\/wp-json\/wp\/v2\/pages\/18\/revisions\/159"}],"wp:attachment":[{"href":"https:\/\/bpd.hr\/index.php\/wp-json\/wp\/v2\/media?parent=18"}],"curies":[{"name":"wp","href":"https:\/\/api.w.org\/{rel}","templated":true}]}}